t is the highest common factor of p and h?
25
Let s(q) = -4*q + 5*q + 4*q - 1. Let x be s(8). Let a be (x/(-9))/((-3)/9). Calculate the highest common divisor of a and 39.
13
Suppose 16*q + 60 = 21*q. Suppose 5*v - 6 = 19, 4*v - 44 = -2*l. What is the greatest common divisor of l and q?
12
Let j(z) = z**3 - 7*z**2 + 3*z - 6. Let o be j(7). Suppose 1 = -v, -v = -2*x + o + 28. What is the greatest common divisor of x and 105?
21
Let s(w) = 34*w - 1. Let v be s(1). What is the greatest common divisor of 22 and v?
11
Let s(c) = 0 - 2*c**2 + 7*c + 0 - 6. Let o be s(5). Let j be o/(5/((-40)/6)). Calculate the greatest common divisor of 7 and j.
7
Suppose -21*w + 22*w + 4 = 0. Let u(d) = -2*d**3 + d. Let c be u(-2). Let s = w + c. What is the greatest common divisor of s and 80?
10
Suppose -z = -o - 8, 5*z - 36 - 10 = -o. Suppose -z = -d + 3. Calculate the highest common factor of d and 12.
12
Let h = 26 + -16. Suppose 4*a - 2*a = 20. Calculate the highest common divisor of a and h.
10
Let m = 31 - 25. What is the greatest common factor of 42 and m?
6
Suppose -11 = 4*z - 271. Suppose 2*c + c = 0. Suppose c*r + r = 26. What is the greatest common factor of r and z?
13
Suppose 25 = -w - 0*w. Let z be (-420)/w*(6 - 1). Suppose j = -j + z. What is the highest common divisor of j and 21?
21
Let f(n) = -n + 5. Let x be f(3). Suppose -2*m + 24 = x*m. What is the highest common divisor of 4 and m?
2
Let o(u) = u**3 - 2*u**2 - 6*u + 3. Let y be o(5). Let k be (-8)/(-2) - 0/(-1). Suppose -k*d - 12 = -5*d. Calculate the greatest common divisor of d and y.
12
Suppose -13 = -5*v + 2. Suppose v*r - 4*r = -5. Suppose -3*h - h = r*o - 30, o - 27 = -5*h. Calculate the greatest common divisor of h and 25.
5
Let q be -9 + 2*(-3)/(-2). Let k be 325/3 - (-2)/q. Calculate the highest common factor of 12 and k.
12
Let a(w) = -5*w - 10. Let z be a(-9). Suppose 2*o = 5 + 9. What is the highest common factor of o and z?
7
Suppose -9*w = -13*w + 36. Calculate the highest common factor of 18 and w.
9
Let b be 14/4*(34 + -28). Calculate the highest common divisor of 7 and b.
7
Let o be (-3)/(-18) - 17/(-6). Suppose 0*q = o*q - 15. Suppose h + 62 = l - h, 4*h = -q*l + 366. Calculate the greatest common factor of 10 and l.
10
Suppose -3*v - 9 = 0, 6*j - 222 = j + 4*v. What is the greatest common divisor of 21 and j?
21
Suppose -5*k + 120 = -2*p, -3*k + 5*p = -2*k - 47. Let s = k - 15. Calculate the highest common factor of s and 7.
7
Let f = 17 + 3. What is the highest common divisor of f and 180?
20
Let g = -101 - -52. Let c = g - -94. Calculate the highest common divisor of c and 9.
9
Let w = -10 - -24. Calculate the highest common factor of w and 42.
14
Suppose -5*i + 998 = w, -2*w = 2*i - 224 - 172. Let h = i + -104. Suppose v - 16 = -4. Calculate the greatest common divisor of h and v.
12
Let q = 9 + -7. Let v be ((-14)/(-3))/(q/27). Let p(o) = o**3 + 7*o**2 - 9*o - 1. Let k be p(-8). What is the highest common factor of v and k?
7
Suppose 0 = -2*g + 8*g - 312. What is the greatest common factor of 39 and g?
13
Suppose -14*k + k = -1456. What is the greatest common factor of k and 7?
7
Let t be 2*2/(-4)*-42. Let f be (16/12)/(4/t). Suppose f + 25 = 3*h. What is the greatest common divisor of h and 26?
13
Let p be (-19 + 1)/((-2)/5). Suppose 0 = -10*b - 8*b + 162. What is the highest common divisor of p and b?
9
Let k = 50 - 35. What is the highest common divisor of 195 and k?
15
Let s = 1 - -15. Suppose 5*g = g + 192. What is the greatest common factor of s and g?
16
Let d(h) = h**3 + 18*h**2 - h + 5. Let i be d(-18). Calculate the greatest common divisor of 161 and i.
23
Suppose -7*c - 176 = -9*c. What is the highest common factor of c and 44?
44
Suppose 3*m = -2*m + 225. What is the highest common factor of m and 15?
15
Let n = 31 + -15. Calculate the greatest common factor of n and 176.
16
Let v be (-1)/(-3)*(-66)/(-1). Calculate the greatest common divisor of 198 and v.
22
Let k be (10/(-4))/((-1)/(-16)). Let p be 134/10 + (-24)/k. What is the highest common divisor of p and 112?
14
Let o = 505 + -197. Calculate the highest common divisor of o and 28.
28
Let s = 4 - -13. Let w(x) = 9*x + 14. Let t be w(6). What is the greatest common divisor of s and t?
17
Let u = -10 + 14. Suppose y - 34 = -3*y + 2*x, y - u*x - 26 = 0. Calculate the greatest common divisor of y and 54.
6
Suppose -19 = 5*x - 159. Suppose 5 = 3*i - x. Calculate the highest common factor of i and 77.
11
Let m be (-117)/(0 - (-2)/(-2)). Calculate the greatest common factor of m and 13.
13
Suppose 7*j - 98 = -0*j. What is the greatest common divisor of j and 7?
7
Suppose -4 = -2*t + t - s, -11 = -3*t - 4*s. Suppose -4*g + 2*m = -2*m - 64, -t*m = 25. What is the greatest common factor of g and 33?
11
Let u be 2/(-11) - 16*(-1011)/33. What is the highest common factor of 49 and u?
49
Suppose 4*t = 7*t - 162. Let m = t + -38. Let c = 146 - 34. Calculate the highest common factor of c and m.
16
Suppose -3*b = -712 - 2. What is the greatest common divisor of b and 34?
34
Let u = -78 + 54. Let j be -4*(-15)/(-18)*u. What is the greatest common divisor of j and 10?
10
Let a(g) = 1 - 4*g + 8*g**2 + 0 + g + g. Let y be a(1). Calculate the greatest common divisor of 14 and y.
7
Let d be 2*(-4 - -5)*1/2. What is the highest common divisor of d and 15?
1
Suppose 8 + 5 = f. Let t be 624/(-20)*20/(-6). What is the highest common factor of f and t?
13
Suppose 4*q - 340 = 140. What is the greatest common factor of 24 and q?
24
Let g = -27 + 20. Let y be 3 + g + 2 + 149. What is the greatest common divisor of 21 and y?
21
Let h = -43 - -29. Let v = 25 + h. Let j be 121*(2 - (0 + 1)). What is the highest common factor of j and v?
11
Let l(o) = o**2 + o - 2. Let n be l(-2). Suppose 4*f - 644 - 76 = n. Calculate the highest common divisor of f and 18.
18
Let z(r) = -6*r**3 - 23*r**2 + 4*r + 3. Let f be z(-4). What is the highest common factor of 3 and f?
3
Suppose -89 = -4*d - 1. Calculate the highest common factor of d and 22.
22
Suppose 2*d - 2*n - 84 = -7*n, -5*d = -5*n - 280. Suppose 0 = 3*w + 2*w + 4*j - d, 4*w - j = 29. What is the greatest common divisor of w and 16?
8
Let c(i) = i**3 - 7*i**2 + 16*i - 4. Let z be c(5). Calculate the highest common factor of 117 and z.
13
Let w(k) = k - 13. Let h be w(15). What is the highest common divisor of h and 18?
2
Let r = -20 + 35. Let x = 25 - 15. Suppose m + m - x = 0. What is the greatest common factor of m and r?
5
Suppose 33*k = 28*k + 500. What is the greatest common factor of k and 5?
5
Let t(b) be the second derivative of b**3/6 + 3*b**2/2 - 7*b. Let i be t(3). What is the greatest common divisor of i and 12?
6
Suppose -18*n = -27*n + 36. Suppose 4*j - 8 = 2*j. Calculate the greatest common divisor of n and j.
4
Let v = 5 - 1. Let o be 31 - -2*2/v. Let f be 9/(-3) - -1*7. What is the greatest common factor of f and o?
4
Suppose w + u = -0*u + 5, -2*u + 14 = 3*w. Suppose o - 4 = w. Calculate the greatest common divisor of o and 16.
8
Let p(l) = 9*l. Let x be (-3)/(-6)*-2 - -8. Let q(w) = -5*w. Let m(o) = x*q(o) + 4*p(o). Let a be m(2). Calculate the highest common divisor of 12 and a.
2
Let b be 1 - 66*6/(-4). Suppose 5*p = -4*z + 428, 0*z - 3*p + b = z. Let o(j) = 4*j**2 + j. Let q be o(-2). What is the highest common divisor of q and z?
14
Let g be (-4)/(2 + 10/(-4)). What is the highest common divisor of 2 and g?
2
Let c be (-80)/6*(-1 - 5). Suppose -4*x + 2 = -26. Let s = x - -3. What is the greatest common factor of c and s?
10
Let l(t) = -t**3 - 6*t**2 - 3*t - 6. Let u be l(-6). Let v = 88 - 28. What is the highest common divisor of v and u?
12
Let w be (3*-1)/(12/56). Let p = w + 20. What is the greatest common divisor of 24 and p?
6
Let f = -7 + 11. Let u be ((-8)/3)/(f/(-90)). Suppose -136 = 12*y - 424. Calculate the greatest common divisor of u and y.
12
Suppose j - 3*n + 10 = -5, 4*n = -4*j - 124. Let p be (-2 - -1)/(3/j). Calculate the highest common factor of p and 99.
9
Let h = 9 + -5. Suppose -y + 4*b - 24 = -96, -5*y - 3*b = -291. Suppose j = -h*j + y. What is the highest common factor of 2 and j?
2
Let j be (3/4)/((-9)/(-24)). Let o be 6 - 2 - (j - 0). What is the highest common factor of 14 and o?
2
Let j = 12 + 32. What is the highest common factor o